{"id":5167,"date":"2023-05-01T15:58:00","date_gmt":"2023-05-01T19:58:00","guid":{"rendered":"https:\/\/talksuicide.ca\/faq-item\/comment-prenez-vous-soin-de-vous"},"modified":"2023-09-11T23:28:50","modified_gmt":"2023-09-12T03:28:50","slug":"comment-prenez-vous-soin-de-vous","status":"publish","type":"faq-item","link":"https:\/\/988.ca\/fr\/faq-item\/comment-prenez-vous-soin-de-vous","title":{"rendered":"Comment prenez-vous soin de vous\u2009?"},"content":{"rendered":"<p>C\u2019est l\u00e0 une question tr\u00e8s importante. Je trouve qu\u2019il est important de prendre soin de soi. Je dispose d\u2019un syst\u00e8me de soutien. En exprimant ce que je ressens, cela m\u2019aide \u00e0 garder les pieds sur terre et \u00e0 rester en bonne sant\u00e9 mentalement. Lorsqu\u2019on int\u00e9riorise toutes ses \u00e9motions, elles finissent par ressortir de fa\u00e7on n\u00e9gative.<\/p>\n<p>Je fais de l\u2019exercice, je mange sainement et j\u2019essaie de m\u2019appliquer \u00e0 faire tout ce qui est bon pour mon mental, mon corps et mon \u00e2me. J\u2019accepte les mauvais jours ; je trouve qu\u2019en mettant les choses en perspective, cela m\u2019apporte de la gratitude et je pense qu\u2019il y a de tr\u00e8s bonnes le\u00e7ons \u00e0 en tirer, de choses qui nous font grandir.<\/p>\n","protected":false},"featured_media":0,"template":"","faq_type":[33],"class_list":["post-5167","faq-item","type-faq-item","status-publish","hentry","faq_type-award-winner-2023-qas-mark"],"acf":[],"yoast_head":"<!-- This site is optimized with the Yoast SEO plugin v27.4 - https:\/\/yoast.com\/product\/yoast-seo-wordpress\/ -->\n<title>Comment prenez-vous soin de vous\u2009? | 9-8-8: Ligne d\u2019aide en cas de crise de suicide<\/title>\n<meta name=\"robots\" content=\"noindex, follow\" \/>\n<meta property=\"og:locale\" content=\"fr_CA\" \/>\n<meta property=\"og:type\" content=\"article\" \/>\n<meta property=\"og:title\" content=\"Comment prenez-vous soin de vous\u2009? | 9-8-8: Ligne d\u2019aide en cas de crise de suicide\" \/>\n<meta property=\"og:description\" content=\"C\u2019est l\u00e0 une question tr\u00e8s importante. Je trouve qu\u2019il est important de prendre soin de soi. Je dispose d\u2019un syst\u00e8me de soutien. En exprimant ce que je ressens, cela m\u2019aide \u00e0 garder les pieds sur terre et \u00e0 rester en bonne sant\u00e9 mentalement. Lorsqu\u2019on int\u00e9riorise toutes ses \u00e9motions, elles finissent par ressortir de fa\u00e7on n\u00e9gative. [&hellip;]\" \/>\n<meta property=\"og:url\" content=\"https:\/\/988.ca\/fr\/faq-item\/comment-prenez-vous-soin-de-vous\" \/>\n<meta property=\"og:site_name\" content=\"9-8-8: Ligne d\u2019aide en cas de crise de suicide\" \/>\n<meta property=\"article:modified_time\" content=\"2023-09-12T03:28:50+00:00\" \/>\n<meta name=\"twitter:card\" content=\"summary_large_image\" \/>\n<meta name=\"twitter:label1\" content=\"Estimation du temps de lecture\" \/>\n\t<meta name=\"twitter:data1\" content=\"1 minute\" \/>\n<script type=\"application\/ld+json\" class=\"yoast-schema-graph\">{\"@context\":\"https:\\\/\\\/schema.org\",\"@graph\":[{\"@type\":\"WebPage\",\"@id\":\"https:\\\/\\\/988.ca\\\/fr\\\/faq-item\\\/comment-prenez-vous-soin-de-vous\",\"url\":\"https:\\\/\\\/988.ca\\\/fr\\\/faq-item\\\/comment-prenez-vous-soin-de-vous\",\"name\":\"Comment prenez-vous soin de vous\u2009? | 9-8-8: Ligne d\u2019aide en cas de crise de suicide\",\"isPartOf\":{\"@id\":\"https:\\\/\\\/988.ca\\\/fr\\\/#website\"},\"datePublished\":\"2023-05-01T19:58:00+00:00\",\"dateModified\":\"2023-09-12T03:28:50+00:00\",\"breadcrumb\":{\"@id\":\"https:\\\/\\\/988.ca\\\/fr\\\/faq-item\\\/comment-prenez-vous-soin-de-vous#breadcrumb\"},\"inLanguage\":\"fr-CA\",\"potentialAction\":[{\"@type\":\"ReadAction\",\"target\":[\"https:\\\/\\\/988.ca\\\/fr\\\/faq-item\\\/comment-prenez-vous-soin-de-vous\"]}]},{\"@type\":\"BreadcrumbList\",\"@id\":\"https:\\\/\\\/988.ca\\\/fr\\\/faq-item\\\/comment-prenez-vous-soin-de-vous#breadcrumb\",\"itemListElement\":[{\"@type\":\"ListItem\",\"position\":1,\"name\":\"Home\",\"item\":\"https:\\\/\\\/988.ca\\\/fr\"},{\"@type\":\"ListItem\",\"position\":2,\"name\":\"Comment prenez-vous soin de vous\u2009?\"}]},{\"@type\":\"WebSite\",\"@id\":\"https:\\\/\\\/988.ca\\\/fr\\\/#website\",\"url\":\"https:\\\/\\\/988.ca\\\/fr\\\/\",\"name\":\"9-8-8: Ligne d\u2019aide en cas de crise de suicide\",\"description\":\"\",\"publisher\":{\"@id\":\"https:\\\/\\\/988.ca\\\/fr\\\/#organization\"},\"potentialAction\":[{\"@type\":\"SearchAction\",\"target\":{\"@type\":\"EntryPoint\",\"urlTemplate\":\"https:\\\/\\\/988.ca\\\/fr\\\/?s={search_term_string}\"},\"query-input\":{\"@type\":\"PropertyValueSpecification\",\"valueRequired\":true,\"valueName\":\"search_term_string\"}}],\"inLanguage\":\"fr-CA\"},{\"@type\":\"Organization\",\"@id\":\"https:\\\/\\\/988.ca\\\/fr\\\/#organization\",\"name\":\"Talk Suicide Canada\",\"url\":\"https:\\\/\\\/988.ca\\\/fr\\\/\",\"logo\":{\"@type\":\"ImageObject\",\"inLanguage\":\"fr-CA\",\"@id\":\"https:\\\/\\\/988.ca\\\/fr\\\/#\\\/schema\\\/logo\\\/image\\\/\",\"url\":\"https:\\\/\\\/988.ca\\\/wp-content\\\/uploads\\\/2022\\\/06\\\/logo-seo-en.png\",\"contentUrl\":\"https:\\\/\\\/988.ca\\\/wp-content\\\/uploads\\\/2022\\\/06\\\/logo-seo-en.png\",\"width\":512,\"height\":341,\"caption\":\"Talk Suicide Canada\"},\"image\":{\"@id\":\"https:\\\/\\\/988.ca\\\/fr\\\/#\\\/schema\\\/logo\\\/image\\\/\"}}]}<\/script>\n<!-- \/ Yoast SEO plugin. -->","yoast_head_json":{"title":"Comment prenez-vous soin de vous\u2009? | 9-8-8: Ligne d\u2019aide en cas de crise de suicide","robots":{"index":"noindex","follow":"follow"},"og_locale":"fr_CA","og_type":"article","og_title":"Comment prenez-vous soin de vous\u2009? | 9-8-8: Ligne d\u2019aide en cas de crise de suicide","og_description":"C\u2019est l\u00e0 une question tr\u00e8s importante. Je trouve qu\u2019il est important de prendre soin de soi. Je dispose d\u2019un syst\u00e8me de soutien. En exprimant ce que je ressens, cela m\u2019aide \u00e0 garder les pieds sur terre et \u00e0 rester en bonne sant\u00e9 mentalement. Lorsqu\u2019on int\u00e9riorise toutes ses \u00e9motions, elles finissent par ressortir de fa\u00e7on n\u00e9gative. [&hellip;]","og_url":"https:\/\/988.ca\/fr\/faq-item\/comment-prenez-vous-soin-de-vous","og_site_name":"9-8-8: Ligne d\u2019aide en cas de crise de suicide","article_modified_time":"2023-09-12T03:28:50+00:00","twitter_card":"summary_large_image","twitter_misc":{"Estimation du temps de lecture":"1 minute"},"schema":{"@context":"https:\/\/schema.org","@graph":[{"@type":"WebPage","@id":"https:\/\/988.ca\/fr\/faq-item\/comment-prenez-vous-soin-de-vous","url":"https:\/\/988.ca\/fr\/faq-item\/comment-prenez-vous-soin-de-vous","name":"Comment prenez-vous soin de vous\u2009? | 9-8-8: Ligne d\u2019aide en cas de crise de suicide","isPartOf":{"@id":"https:\/\/988.ca\/fr\/#website"},"datePublished":"2023-05-01T19:58:00+00:00","dateModified":"2023-09-12T03:28:50+00:00","breadcrumb":{"@id":"https:\/\/988.ca\/fr\/faq-item\/comment-prenez-vous-soin-de-vous#breadcrumb"},"inLanguage":"fr-CA","potentialAction":[{"@type":"ReadAction","target":["https:\/\/988.ca\/fr\/faq-item\/comment-prenez-vous-soin-de-vous"]}]},{"@type":"BreadcrumbList","@id":"https:\/\/988.ca\/fr\/faq-item\/comment-prenez-vous-soin-de-vous#breadcrumb","itemListElement":[{"@type":"ListItem","position":1,"name":"Home","item":"https:\/\/988.ca\/fr"},{"@type":"ListItem","position":2,"name":"Comment prenez-vous soin de vous\u2009?"}]},{"@type":"WebSite","@id":"https:\/\/988.ca\/fr\/#website","url":"https:\/\/988.ca\/fr\/","name":"9-8-8: Ligne d\u2019aide en cas de crise de suicide","description":"","publisher":{"@id":"https:\/\/988.ca\/fr\/#organization"},"potentialAction":[{"@type":"SearchAction","target":{"@type":"EntryPoint","urlTemplate":"https:\/\/988.ca\/fr\/?s={search_term_string}"},"query-input":{"@type":"PropertyValueSpecification","valueRequired":true,"valueName":"search_term_string"}}],"inLanguage":"fr-CA"},{"@type":"Organization","@id":"https:\/\/988.ca\/fr\/#organization","name":"Talk Suicide Canada","url":"https:\/\/988.ca\/fr\/","logo":{"@type":"ImageObject","inLanguage":"fr-CA","@id":"https:\/\/988.ca\/fr\/#\/schema\/logo\/image\/","url":"https:\/\/988.ca\/wp-content\/uploads\/2022\/06\/logo-seo-en.png","contentUrl":"https:\/\/988.ca\/wp-content\/uploads\/2022\/06\/logo-seo-en.png","width":512,"height":341,"caption":"Talk Suicide Canada"},"image":{"@id":"https:\/\/988.ca\/fr\/#\/schema\/logo\/image\/"}}]}},"_links":{"self":[{"href":"https:\/\/988.ca\/fr\/wp-json\/wp\/v2\/faq-item\/5167","targetHints":{"allow":["GET"]}}],"collection":[{"href":"https:\/\/988.ca\/fr\/wp-json\/wp\/v2\/faq-item"}],"about":[{"href":"https:\/\/988.ca\/fr\/wp-json\/wp\/v2\/types\/faq-item"}],"wp:attachment":[{"href":"https:\/\/988.ca\/fr\/wp-json\/wp\/v2\/media?parent=5167"}],"wp:term":[{"taxonomy":"faq_type","embeddable":true,"href":"https:\/\/988.ca\/fr\/wp-json\/wp\/v2\/faq_type?post=5167"}],"curies":[{"name":"wp","href":"https:\/\/api.w.org\/{rel}","templated":true}]}}

<p>C’est là une question très importante. Je trouve qu’il est important de prendre soin de soi. Je dispose d’un système de soutien. En exprimant ce que je ressens, cela m’aide à garder les pieds sur terre et à rester en bonne santé mentalement. Lorsqu’on intériorise toutes ses émotions, elles finissent par ressortir de façon négative.</p>
<p>Je fais de l’exercice, je mange sainement et j’essaie de m’appliquer à faire tout ce qui est bon pour mon mental, mon corps et mon âme. J’accepte les mauvais jours ; je trouve qu’en mettant les choses en perspective, cela m’apporte de la gratitude et je pense qu’il y a de très bonnes leçons à en tirer, de choses qui nous font grandir.</p>

<!-- This site is optimized with the Yoast SEO plugin v27.4 - https://yoast.com/product/yoast-seo-wordpress/ -->
<title>Comment prenez-vous soin de vous ? | 9-8-8: Ligne d’aide en cas de crise de suicide</title>
<meta name="robots" content="noindex, follow" />
<meta property="og:locale" content="fr_CA" />
<meta property="og:type" content="article" />
<meta property="og:title" content="Comment prenez-vous soin de vous ? | 9-8-8: Ligne d’aide en cas de crise de suicide" />
<meta property="og:description" content="C’est là une question très importante. Je trouve qu’il est important de prendre soin de soi. Je dispose d’un système de soutien. En exprimant ce que je ressens, cela m’aide à garder les pieds sur terre et à rester en bonne santé mentalement. Lorsqu’on intériorise toutes ses émotions, elles finissent par ressortir de façon négative. [&hellip;]" />
<meta property="og:url" content="https://988.ca/fr/faq-item/comment-prenez-vous-soin-de-vous" />
<meta property="og:site_name" content="9-8-8: Ligne d’aide en cas de crise de suicide" />
<meta property="article:modified_time" content="2023-09-12T03:28:50+00:00" />
<meta name="twitter:card" content="summary_large_image" />
<meta name="twitter:label1" content="Estimation du temps de lecture" />
	<meta name="twitter:data1" content="1 minute" />
<script type="application/ld+json" class="yoast-schema-graph">{"@context":"https:\/\/schema.org","@graph":[{"@type":"WebPage","@id":"https:\/\/988.ca\/fr\/faq-item\/comment-prenez-vous-soin-de-vous","url":"https:\/\/988.ca\/fr\/faq-item\/comment-prenez-vous-soin-de-vous","name":"Comment prenez-vous soin de vous ? | 9-8-8: Ligne d’aide en cas de crise de suicide","isPartOf":{"@id":"https:\/\/988.ca\/fr\/#website"},"datePublished":"2023-05-01T19:58:00+00:00","dateModified":"2023-09-12T03:28:50+00:00","breadcrumb":{"@id":"https:\/\/988.ca\/fr\/faq-item\/comment-prenez-vous-soin-de-vous#breadcrumb"},"inLanguage":"fr-CA","potentialAction":[{"@type":"ReadAction","target":["https:\/\/988.ca\/fr\/faq-item\/comment-prenez-vous-soin-de-vous"]}]},{"@type":"BreadcrumbList","@id":"https:\/\/988.ca\/fr\/faq-item\/comment-prenez-vous-soin-de-vous#breadcrumb","itemListElement":[{"@type":"ListItem","position":1,"name":"Home","item":"https:\/\/988.ca\/fr"},{"@type":"ListItem","position":2,"name":"Comment prenez-vous soin de vous ?"}]},{"@type":"WebSite","@id":"https:\/\/988.ca\/fr\/#website","url":"https:\/\/988.ca\/fr\/","name":"9-8-8: Ligne d’aide en cas de crise de suicide","description":"","publisher":{"@id":"https:\/\/988.ca\/fr\/#organization"},"potentialAction":[{"@type":"SearchAction","target":{"@type":"EntryPoint","urlTemplate":"https:\/\/988.ca\/fr\/?s={search_term_string}"},"query-input":{"@type":"PropertyValueSpecification","valueRequired":true,"valueName":"search_term_string"}}],"inLanguage":"fr-CA"},{"@type":"Organization","@id":"https:\/\/988.ca\/fr\/#organization","name":"Talk Suicide Canada","url":"https:\/\/988.ca\/fr\/","logo":{"@type":"ImageObject","inLanguage":"fr-CA","@id":"https:\/\/988.ca\/fr\/#\/schema\/logo\/image\/","url":"https:\/\/988.ca\/wp-content\/uploads\/2022\/06\/logo-seo-en.png","contentUrl":"https:\/\/988.ca\/wp-content\/uploads\/2022\/06\/logo-seo-en.png","width":512,"height":341,"caption":"Talk Suicide Canada"},"image":{"@id":"https:\/\/988.ca\/fr\/#\/schema\/logo\/image\/"}}]}</script>
<!-- / Yoast SEO plugin. -->

C’est là une question très importante. Je trouve qu’il est important de prendre soin de soi. Je dispose d’un système de soutien. En exprimant ce que je ressens, cela m’aide à garder les pieds sur terre et à rester en bonne santé mentalement. Lorsqu’on intériorise toutes ses émotions, elles finissent par ressortir de façon négative. [&hellip;]
