{"id":5923,"date":"2024-02-22T09:41:51","date_gmt":"2024-02-22T14:41:51","guid":{"rendered":"https:\/\/988.ca\/faq-item\/pourquoi-ne-publiez-vous-quune-partie-des-donnees-pourquoi-ne-pas-les-repertorier-egalement-par-province-et-territoire"},"modified":"2024-02-22T09:41:51","modified_gmt":"2024-02-22T14:41:51","slug":"pourquoi-ne-publiez-vous-quune-partie-des-donnees-pourquoi-ne-pas-les-repertorier-egalement-par-province-et-territoire","status":"publish","type":"faq-item","link":"https:\/\/988.ca\/fr\/faq-item\/pourquoi-ne-publiez-vous-quune-partie-des-donnees-pourquoi-ne-pas-les-repertorier-egalement-par-province-et-territoire","title":{"rendered":"Pourquoi ne publiez vous qu\u2019une partie des donn\u00e9es? Pourquoi ne pas les r\u00e9pertorier \u00e9galement par province et territoire?"},"content":{"rendered":"<p>Nous nous effor\u00e7ons de publier les donn\u00e9es les plus claires, pertinentes et exactes possible.<\/p>\n<p>Comme nous n\u2019en sommes qu\u2019aux d\u00e9buts de la mise en \u0153uvre du 9-8-8, nous n\u2019avons pas fini d\u2019\u00e9tudier la mani\u00e8re dont les donn\u00e9es sont recueillies et communiqu\u00e9es dans chaque province et territoire, et les moyens d\u2019obtenir et de publier les donn\u00e9es les plus exactes. \u00c0 mesure que nous comprendrons mieux les enjeux, nous afficherons davantage de donn\u00e9es \u00e0 cette page.<\/p>\n","protected":false},"featured_media":0,"template":"","faq_type":[37],"class_list":["post-5923","faq-item","type-faq-item","status-publish","hentry","faq_type-service-data"],"acf":[],"yoast_head":"<!-- This site is optimized with the Yoast SEO plugin v27.4 - https:\/\/yoast.com\/product\/yoast-seo-wordpress\/ -->\n<title>Pourquoi ne publiez vous qu\u2019une partie des donn\u00e9es? Pourquoi ne pas les r\u00e9pertorier \u00e9galement par province et territoire? | 9-8-8: Ligne d\u2019aide en cas de crise de suicide<\/title>\n<meta name=\"robots\" content=\"noindex, follow\" \/>\n<meta property=\"og:locale\" content=\"fr_CA\" \/>\n<meta property=\"og:type\" content=\"article\" \/>\n<meta property=\"og:title\" content=\"Pourquoi ne publiez vous qu\u2019une partie des donn\u00e9es? Pourquoi ne pas les r\u00e9pertorier \u00e9galement par province et territoire? | 9-8-8: Ligne d\u2019aide en cas de crise de suicide\" \/>\n<meta property=\"og:description\" content=\"Nous nous effor\u00e7ons de publier les donn\u00e9es les plus claires, pertinentes et exactes possible. Comme nous n\u2019en sommes qu\u2019aux d\u00e9buts de la mise en \u0153uvre du 9-8-8, nous n\u2019avons pas fini d\u2019\u00e9tudier la mani\u00e8re dont les donn\u00e9es sont recueillies et communiqu\u00e9es dans chaque province et territoire, et les moyens d\u2019obtenir et de publier les donn\u00e9es [&hellip;]\" \/>\n<meta property=\"og:url\" content=\"https:\/\/988.ca\/fr\/faq-item\/pourquoi-ne-publiez-vous-quune-partie-des-donnees-pourquoi-ne-pas-les-repertorier-egalement-par-province-et-territoire\" \/>\n<meta property=\"og:site_name\" content=\"9-8-8: Ligne d\u2019aide en cas de crise de suicide\" \/>\n<meta name=\"twitter:card\" content=\"summary_large_image\" \/>\n<script type=\"application\/ld+json\" class=\"yoast-schema-graph\">{\"@context\":\"https:\\\/\\\/schema.org\",\"@graph\":[{\"@type\":\"WebPage\",\"@id\":\"https:\\\/\\\/988.ca\\\/fr\\\/faq-item\\\/pourquoi-ne-publiez-vous-quune-partie-des-donnees-pourquoi-ne-pas-les-repertorier-egalement-par-province-et-territoire\",\"url\":\"https:\\\/\\\/988.ca\\\/fr\\\/faq-item\\\/pourquoi-ne-publiez-vous-quune-partie-des-donnees-pourquoi-ne-pas-les-repertorier-egalement-par-province-et-territoire\",\"name\":\"Pourquoi ne publiez vous qu\u2019une partie des donn\u00e9es? Pourquoi ne pas les r\u00e9pertorier \u00e9galement par province et territoire? | 9-8-8: Ligne d\u2019aide en cas de crise de suicide\",\"isPartOf\":{\"@id\":\"https:\\\/\\\/988.ca\\\/fr\\\/#website\"},\"datePublished\":\"2024-02-22T14:41:51+00:00\",\"breadcrumb\":{\"@id\":\"https:\\\/\\\/988.ca\\\/fr\\\/faq-item\\\/pourquoi-ne-publiez-vous-quune-partie-des-donnees-pourquoi-ne-pas-les-repertorier-egalement-par-province-et-territoire#breadcrumb\"},\"inLanguage\":\"fr-CA\",\"potentialAction\":[{\"@type\":\"ReadAction\",\"target\":[\"https:\\\/\\\/988.ca\\\/fr\\\/faq-item\\\/pourquoi-ne-publiez-vous-quune-partie-des-donnees-pourquoi-ne-pas-les-repertorier-egalement-par-province-et-territoire\"]}]},{\"@type\":\"BreadcrumbList\",\"@id\":\"https:\\\/\\\/988.ca\\\/fr\\\/faq-item\\\/pourquoi-ne-publiez-vous-quune-partie-des-donnees-pourquoi-ne-pas-les-repertorier-egalement-par-province-et-territoire#breadcrumb\",\"itemListElement\":[{\"@type\":\"ListItem\",\"position\":1,\"name\":\"Home\",\"item\":\"https:\\\/\\\/988.ca\\\/fr\"},{\"@type\":\"ListItem\",\"position\":2,\"name\":\"Pourquoi ne publiez vous qu\u2019une partie des donn\u00e9es? Pourquoi ne pas les r\u00e9pertorier \u00e9galement par province et territoire?\"}]},{\"@type\":\"WebSite\",\"@id\":\"https:\\\/\\\/988.ca\\\/fr\\\/#website\",\"url\":\"https:\\\/\\\/988.ca\\\/fr\\\/\",\"name\":\"9-8-8: Ligne d\u2019aide en cas de crise de suicide\",\"description\":\"\",\"publisher\":{\"@id\":\"https:\\\/\\\/988.ca\\\/fr\\\/#organization\"},\"potentialAction\":[{\"@type\":\"SearchAction\",\"target\":{\"@type\":\"EntryPoint\",\"urlTemplate\":\"https:\\\/\\\/988.ca\\\/fr\\\/?s={search_term_string}\"},\"query-input\":{\"@type\":\"PropertyValueSpecification\",\"valueRequired\":true,\"valueName\":\"search_term_string\"}}],\"inLanguage\":\"fr-CA\"},{\"@type\":\"Organization\",\"@id\":\"https:\\\/\\\/988.ca\\\/fr\\\/#organization\",\"name\":\"Talk Suicide Canada\",\"url\":\"https:\\\/\\\/988.ca\\\/fr\\\/\",\"logo\":{\"@type\":\"ImageObject\",\"inLanguage\":\"fr-CA\",\"@id\":\"https:\\\/\\\/988.ca\\\/fr\\\/#\\\/schema\\\/logo\\\/image\\\/\",\"url\":\"https:\\\/\\\/988.ca\\\/wp-content\\\/uploads\\\/2022\\\/06\\\/logo-seo-en.png\",\"contentUrl\":\"https:\\\/\\\/988.ca\\\/wp-content\\\/uploads\\\/2022\\\/06\\\/logo-seo-en.png\",\"width\":512,\"height\":341,\"caption\":\"Talk Suicide Canada\"},\"image\":{\"@id\":\"https:\\\/\\\/988.ca\\\/fr\\\/#\\\/schema\\\/logo\\\/image\\\/\"}}]}<\/script>\n<!-- \/ Yoast SEO plugin. -->","yoast_head_json":{"title":"Pourquoi ne publiez vous qu\u2019une partie des donn\u00e9es? Pourquoi ne pas les r\u00e9pertorier \u00e9galement par province et territoire? | 9-8-8: Ligne d\u2019aide en cas de crise de suicide","robots":{"index":"noindex","follow":"follow"},"og_locale":"fr_CA","og_type":"article","og_title":"Pourquoi ne publiez vous qu\u2019une partie des donn\u00e9es? Pourquoi ne pas les r\u00e9pertorier \u00e9galement par province et territoire? | 9-8-8: Ligne d\u2019aide en cas de crise de suicide","og_description":"Nous nous effor\u00e7ons de publier les donn\u00e9es les plus claires, pertinentes et exactes possible. Comme nous n\u2019en sommes qu\u2019aux d\u00e9buts de la mise en \u0153uvre du 9-8-8, nous n\u2019avons pas fini d\u2019\u00e9tudier la mani\u00e8re dont les donn\u00e9es sont recueillies et communiqu\u00e9es dans chaque province et territoire, et les moyens d\u2019obtenir et de publier les donn\u00e9es [&hellip;]","og_url":"https:\/\/988.ca\/fr\/faq-item\/pourquoi-ne-publiez-vous-quune-partie-des-donnees-pourquoi-ne-pas-les-repertorier-egalement-par-province-et-territoire","og_site_name":"9-8-8: Ligne d\u2019aide en cas de crise de suicide","twitter_card":"summary_large_image","schema":{"@context":"https:\/\/schema.org","@graph":[{"@type":"WebPage","@id":"https:\/\/988.ca\/fr\/faq-item\/pourquoi-ne-publiez-vous-quune-partie-des-donnees-pourquoi-ne-pas-les-repertorier-egalement-par-province-et-territoire","url":"https:\/\/988.ca\/fr\/faq-item\/pourquoi-ne-publiez-vous-quune-partie-des-donnees-pourquoi-ne-pas-les-repertorier-egalement-par-province-et-territoire","name":"Pourquoi ne publiez vous qu\u2019une partie des donn\u00e9es? Pourquoi ne pas les r\u00e9pertorier \u00e9galement par province et territoire? | 9-8-8: Ligne d\u2019aide en cas de crise de suicide","isPartOf":{"@id":"https:\/\/988.ca\/fr\/#website"},"datePublished":"2024-02-22T14:41:51+00:00","breadcrumb":{"@id":"https:\/\/988.ca\/fr\/faq-item\/pourquoi-ne-publiez-vous-quune-partie-des-donnees-pourquoi-ne-pas-les-repertorier-egalement-par-province-et-territoire#breadcrumb"},"inLanguage":"fr-CA","potentialAction":[{"@type":"ReadAction","target":["https:\/\/988.ca\/fr\/faq-item\/pourquoi-ne-publiez-vous-quune-partie-des-donnees-pourquoi-ne-pas-les-repertorier-egalement-par-province-et-territoire"]}]},{"@type":"BreadcrumbList","@id":"https:\/\/988.ca\/fr\/faq-item\/pourquoi-ne-publiez-vous-quune-partie-des-donnees-pourquoi-ne-pas-les-repertorier-egalement-par-province-et-territoire#breadcrumb","itemListElement":[{"@type":"ListItem","position":1,"name":"Home","item":"https:\/\/988.ca\/fr"},{"@type":"ListItem","position":2,"name":"Pourquoi ne publiez vous qu\u2019une partie des donn\u00e9es? Pourquoi ne pas les r\u00e9pertorier \u00e9galement par province et territoire?"}]},{"@type":"WebSite","@id":"https:\/\/988.ca\/fr\/#website","url":"https:\/\/988.ca\/fr\/","name":"9-8-8: Ligne d\u2019aide en cas de crise de suicide","description":"","publisher":{"@id":"https:\/\/988.ca\/fr\/#organization"},"potentialAction":[{"@type":"SearchAction","target":{"@type":"EntryPoint","urlTemplate":"https:\/\/988.ca\/fr\/?s={search_term_string}"},"query-input":{"@type":"PropertyValueSpecification","valueRequired":true,"valueName":"search_term_string"}}],"inLanguage":"fr-CA"},{"@type":"Organization","@id":"https:\/\/988.ca\/fr\/#organization","name":"Talk Suicide Canada","url":"https:\/\/988.ca\/fr\/","logo":{"@type":"ImageObject","inLanguage":"fr-CA","@id":"https:\/\/988.ca\/fr\/#\/schema\/logo\/image\/","url":"https:\/\/988.ca\/wp-content\/uploads\/2022\/06\/logo-seo-en.png","contentUrl":"https:\/\/988.ca\/wp-content\/uploads\/2022\/06\/logo-seo-en.png","width":512,"height":341,"caption":"Talk Suicide Canada"},"image":{"@id":"https:\/\/988.ca\/fr\/#\/schema\/logo\/image\/"}}]}},"_links":{"self":[{"href":"https:\/\/988.ca\/fr\/wp-json\/wp\/v2\/faq-item\/5923","targetHints":{"allow":["GET"]}}],"collection":[{"href":"https:\/\/988.ca\/fr\/wp-json\/wp\/v2\/faq-item"}],"about":[{"href":"https:\/\/988.ca\/fr\/wp-json\/wp\/v2\/types\/faq-item"}],"wp:attachment":[{"href":"https:\/\/988.ca\/fr\/wp-json\/wp\/v2\/media?parent=5923"}],"wp:term":[{"taxonomy":"faq_type","embeddable":true,"href":"https:\/\/988.ca\/fr\/wp-json\/wp\/v2\/faq_type?post=5923"}],"curies":[{"name":"wp","href":"https:\/\/api.w.org\/{rel}","templated":true}]}}

Pourquoi ne publiez vous qu’une partie des données? Pourquoi ne pas les répertorier également par province et territoire?

<p>Nous nous efforçons de publier les données les plus claires, pertinentes et exactes possible.</p>
<p>Comme nous n’en sommes qu’aux débuts de la mise en œuvre du 9-8-8, nous n’avons pas fini d’étudier la manière dont les données sont recueillies et communiquées dans chaque province et territoire, et les moyens d’obtenir et de publier les données les plus exactes. À mesure que nous comprendrons mieux les enjeux, nous afficherons davantage de données à cette page.</p>

<!-- This site is optimized with the Yoast SEO plugin v27.4 - https://yoast.com/product/yoast-seo-wordpress/ -->
<title>Pourquoi ne publiez vous qu’une partie des données? Pourquoi ne pas les répertorier également par province et territoire? | 9-8-8: Ligne d’aide en cas de crise de suicide</title>
<meta name="robots" content="noindex, follow" />
<meta property="og:locale" content="fr_CA" />
<meta property="og:type" content="article" />
<meta property="og:title" content="Pourquoi ne publiez vous qu’une partie des données? Pourquoi ne pas les répertorier également par province et territoire? | 9-8-8: Ligne d’aide en cas de crise de suicide" />
<meta property="og:description" content="Nous nous efforçons de publier les données les plus claires, pertinentes et exactes possible. Comme nous n’en sommes qu’aux débuts de la mise en œuvre du 9-8-8, nous n’avons pas fini d’étudier la manière dont les données sont recueillies et communiquées dans chaque province et territoire, et les moyens d’obtenir et de publier les données [&hellip;]" />
<meta property="og:url" content="https://988.ca/fr/faq-item/pourquoi-ne-publiez-vous-quune-partie-des-donnees-pourquoi-ne-pas-les-repertorier-egalement-par-province-et-territoire" />
<meta property="og:site_name" content="9-8-8: Ligne d’aide en cas de crise de suicide" />
<meta name="twitter:card" content="summary_large_image" />
<script type="application/ld+json" class="yoast-schema-graph">{"@context":"https:\/\/schema.org","@graph":[{"@type":"WebPage","@id":"https:\/\/988.ca\/fr\/faq-item\/pourquoi-ne-publiez-vous-quune-partie-des-donnees-pourquoi-ne-pas-les-repertorier-egalement-par-province-et-territoire","url":"https:\/\/988.ca\/fr\/faq-item\/pourquoi-ne-publiez-vous-quune-partie-des-donnees-pourquoi-ne-pas-les-repertorier-egalement-par-province-et-territoire","name":"Pourquoi ne publiez vous qu’une partie des données? Pourquoi ne pas les répertorier également par province et territoire? | 9-8-8: Ligne d’aide en cas de crise de suicide","isPartOf":{"@id":"https:\/\/988.ca\/fr\/#website"},"datePublished":"2024-02-22T14:41:51+00:00","breadcrumb":{"@id":"https:\/\/988.ca\/fr\/faq-item\/pourquoi-ne-publiez-vous-quune-partie-des-donnees-pourquoi-ne-pas-les-repertorier-egalement-par-province-et-territoire#breadcrumb"},"inLanguage":"fr-CA","potentialAction":[{"@type":"ReadAction","target":["https:\/\/988.ca\/fr\/faq-item\/pourquoi-ne-publiez-vous-quune-partie-des-donnees-pourquoi-ne-pas-les-repertorier-egalement-par-province-et-territoire"]}]},{"@type":"BreadcrumbList","@id":"https:\/\/988.ca\/fr\/faq-item\/pourquoi-ne-publiez-vous-quune-partie-des-donnees-pourquoi-ne-pas-les-repertorier-egalement-par-province-et-territoire#breadcrumb","itemListElement":[{"@type":"ListItem","position":1,"name":"Home","item":"https:\/\/988.ca\/fr"},{"@type":"ListItem","position":2,"name":"Pourquoi ne publiez vous qu’une partie des données? Pourquoi ne pas les répertorier également par province et territoire?"}]},{"@type":"WebSite","@id":"https:\/\/988.ca\/fr\/#website","url":"https:\/\/988.ca\/fr\/","name":"9-8-8: Ligne d’aide en cas de crise de suicide","description":"","publisher":{"@id":"https:\/\/988.ca\/fr\/#organization"},"potentialAction":[{"@type":"SearchAction","target":{"@type":"EntryPoint","urlTemplate":"https:\/\/988.ca\/fr\/?s={search_term_string}"},"query-input":{"@type":"PropertyValueSpecification","valueRequired":true,"valueName":"search_term_string"}}],"inLanguage":"fr-CA"},{"@type":"Organization","@id":"https:\/\/988.ca\/fr\/#organization","name":"Talk Suicide Canada","url":"https:\/\/988.ca\/fr\/","logo":{"@type":"ImageObject","inLanguage":"fr-CA","@id":"https:\/\/988.ca\/fr\/#\/schema\/logo\/image\/","url":"https:\/\/988.ca\/wp-content\/uploads\/2022\/06\/logo-seo-en.png","contentUrl":"https:\/\/988.ca\/wp-content\/uploads\/2022\/06\/logo-seo-en.png","width":512,"height":341,"caption":"Talk Suicide Canada"},"image":{"@id":"https:\/\/988.ca\/fr\/#\/schema\/logo\/image\/"}}]}</script>
<!-- / Yoast SEO plugin. -->

Pourquoi ne publiez vous qu’une partie des données? Pourquoi ne pas les répertorier également par province et territoire? | 9-8-8: Ligne d’aide en cas de crise de suicide

Nous nous efforçons de publier les données les plus claires, pertinentes et exactes possible. Comme nous n’en sommes qu’aux débuts de la mise en œuvre du 9-8-8, nous n’avons pas fini d’étudier la manière dont les données sont recueillies et communiquées dans chaque province et territoire, et les moyens d’obtenir et de publier les données [&hellip;]
