{"id":6879,"date":"2024-09-18T10:41:51","date_gmt":"2024-09-18T14:41:51","guid":{"rendered":"https:\/\/988.ca\/faq-item\/session-5-membres-du-personnel-issus-de-la-diversite"},"modified":"2024-09-18T10:41:51","modified_gmt":"2024-09-18T14:41:51","slug":"session-5-membres-du-personnel-issus-de-la-diversite","status":"publish","type":"faq-item","link":"https:\/\/988.ca\/fr\/faq-item\/session-5-membres-du-personnel-issus-de-la-diversite","title":{"rendered":"Session 5 : Membres du personnel issus de la diversit\u00e9"},"content":{"rendered":"<p class=\"text-xl lg:text-2xl\"><strong>Questions pour stimuler la discussion:<\/strong><\/p>\n<ul>\n<li>Comment recrutons-nous et maintenons-nous en fonction les membres d\u2019un personnel issus de la diversit\u00e9?<\/li>\n<li>Quels aspects de l\u2019EDIA devraient peut-\u00eatre \u00eatre int\u00e9gr\u00e9s dans la sensibilisation et la formation des intervenants et d\u2019autres membres du personnel?<\/li>\n<li>Quels types de formation sur l\u2019EDIA sont actuellement offerts?<\/li>\n<li>La formation actuelle r\u00e9pond-elle aux besoins du secteur et des usagers du service? Comment pourrait-on l\u2019am\u00e9liorer?<\/li>\n<\/ul>\n<p>Date: 20 novembre, 2024<\/p>\n","protected":false},"featured_media":0,"template":"","faq_type":[39],"class_list":["post-6879","faq-item","type-faq-item","status-publish","hentry","faq_type-cop-session-topics"],"acf":[],"yoast_head":"<!-- This site is optimized with the Yoast SEO plugin v27.4 - https:\/\/yoast.com\/product\/yoast-seo-wordpress\/ -->\n<title>Session 5 : Membres du personnel issus de la diversit\u00e9 | 9-8-8: Ligne d\u2019aide en cas de crise de suicide<\/title>\n<meta name=\"robots\" content=\"noindex, follow\" \/>\n<meta property=\"og:locale\" content=\"fr_CA\" \/>\n<meta property=\"og:type\" content=\"article\" \/>\n<meta property=\"og:title\" content=\"Session 5 : Membres du personnel issus de la diversit\u00e9 | 9-8-8: Ligne d\u2019aide en cas de crise de suicide\" \/>\n<meta property=\"og:description\" content=\"Questions pour stimuler la discussion: Comment recrutons-nous et maintenons-nous en fonction les membres d\u2019un personnel issus de la diversit\u00e9? Quels aspects de l\u2019EDIA devraient peut-\u00eatre \u00eatre int\u00e9gr\u00e9s dans la sensibilisation et la formation des intervenants et d\u2019autres membres du personnel? Quels types de formation sur l\u2019EDIA sont actuellement offerts? La formation actuelle r\u00e9pond-elle aux besoins [&hellip;]\" \/>\n<meta property=\"og:url\" content=\"https:\/\/988.ca\/fr\/faq-item\/session-5-membres-du-personnel-issus-de-la-diversite\" \/>\n<meta property=\"og:site_name\" content=\"9-8-8: Ligne d\u2019aide en cas de crise de suicide\" \/>\n<meta name=\"twitter:card\" content=\"summary_large_image\" \/>\n<script type=\"application\/ld+json\" class=\"yoast-schema-graph\">{\"@context\":\"https:\\\/\\\/schema.org\",\"@graph\":[{\"@type\":\"WebPage\",\"@id\":\"https:\\\/\\\/988.ca\\\/fr\\\/faq-item\\\/session-5-membres-du-personnel-issus-de-la-diversite\",\"url\":\"https:\\\/\\\/988.ca\\\/fr\\\/faq-item\\\/session-5-membres-du-personnel-issus-de-la-diversite\",\"name\":\"Session 5 : Membres du personnel issus de la diversit\u00e9 | 9-8-8: Ligne d\u2019aide en cas de crise de suicide\",\"isPartOf\":{\"@id\":\"https:\\\/\\\/988.ca\\\/fr\\\/#website\"},\"datePublished\":\"2024-09-18T14:41:51+00:00\",\"breadcrumb\":{\"@id\":\"https:\\\/\\\/988.ca\\\/fr\\\/faq-item\\\/session-5-membres-du-personnel-issus-de-la-diversite#breadcrumb\"},\"inLanguage\":\"fr-CA\",\"potentialAction\":[{\"@type\":\"ReadAction\",\"target\":[\"https:\\\/\\\/988.ca\\\/fr\\\/faq-item\\\/session-5-membres-du-personnel-issus-de-la-diversite\"]}]},{\"@type\":\"BreadcrumbList\",\"@id\":\"https:\\\/\\\/988.ca\\\/fr\\\/faq-item\\\/session-5-membres-du-personnel-issus-de-la-diversite#breadcrumb\",\"itemListElement\":[{\"@type\":\"ListItem\",\"position\":1,\"name\":\"Home\",\"item\":\"https:\\\/\\\/988.ca\\\/fr\"},{\"@type\":\"ListItem\",\"position\":2,\"name\":\"Session 5 : Membres du personnel issus de la diversit\u00e9\"}]},{\"@type\":\"WebSite\",\"@id\":\"https:\\\/\\\/988.ca\\\/fr\\\/#website\",\"url\":\"https:\\\/\\\/988.ca\\\/fr\\\/\",\"name\":\"9-8-8: Ligne d\u2019aide en cas de crise de suicide\",\"description\":\"\",\"publisher\":{\"@id\":\"https:\\\/\\\/988.ca\\\/fr\\\/#organization\"},\"potentialAction\":[{\"@type\":\"SearchAction\",\"target\":{\"@type\":\"EntryPoint\",\"urlTemplate\":\"https:\\\/\\\/988.ca\\\/fr\\\/?s={search_term_string}\"},\"query-input\":{\"@type\":\"PropertyValueSpecification\",\"valueRequired\":true,\"valueName\":\"search_term_string\"}}],\"inLanguage\":\"fr-CA\"},{\"@type\":\"Organization\",\"@id\":\"https:\\\/\\\/988.ca\\\/fr\\\/#organization\",\"name\":\"Talk Suicide Canada\",\"url\":\"https:\\\/\\\/988.ca\\\/fr\\\/\",\"logo\":{\"@type\":\"ImageObject\",\"inLanguage\":\"fr-CA\",\"@id\":\"https:\\\/\\\/988.ca\\\/fr\\\/#\\\/schema\\\/logo\\\/image\\\/\",\"url\":\"https:\\\/\\\/988.ca\\\/wp-content\\\/uploads\\\/2022\\\/06\\\/logo-seo-en.png\",\"contentUrl\":\"https:\\\/\\\/988.ca\\\/wp-content\\\/uploads\\\/2022\\\/06\\\/logo-seo-en.png\",\"width\":512,\"height\":341,\"caption\":\"Talk Suicide Canada\"},\"image\":{\"@id\":\"https:\\\/\\\/988.ca\\\/fr\\\/#\\\/schema\\\/logo\\\/image\\\/\"}}]}<\/script>\n<!-- \/ Yoast SEO plugin. -->","yoast_head_json":{"title":"Session 5 : Membres du personnel issus de la diversit\u00e9 | 9-8-8: Ligne d\u2019aide en cas de crise de suicide","robots":{"index":"noindex","follow":"follow"},"og_locale":"fr_CA","og_type":"article","og_title":"Session 5 : Membres du personnel issus de la diversit\u00e9 | 9-8-8: Ligne d\u2019aide en cas de crise de suicide","og_description":"Questions pour stimuler la discussion: Comment recrutons-nous et maintenons-nous en fonction les membres d\u2019un personnel issus de la diversit\u00e9? Quels aspects de l\u2019EDIA devraient peut-\u00eatre \u00eatre int\u00e9gr\u00e9s dans la sensibilisation et la formation des intervenants et d\u2019autres membres du personnel? Quels types de formation sur l\u2019EDIA sont actuellement offerts? La formation actuelle r\u00e9pond-elle aux besoins [&hellip;]","og_url":"https:\/\/988.ca\/fr\/faq-item\/session-5-membres-du-personnel-issus-de-la-diversite","og_site_name":"9-8-8: Ligne d\u2019aide en cas de crise de suicide","twitter_card":"summary_large_image","schema":{"@context":"https:\/\/schema.org","@graph":[{"@type":"WebPage","@id":"https:\/\/988.ca\/fr\/faq-item\/session-5-membres-du-personnel-issus-de-la-diversite","url":"https:\/\/988.ca\/fr\/faq-item\/session-5-membres-du-personnel-issus-de-la-diversite","name":"Session 5 : Membres du personnel issus de la diversit\u00e9 | 9-8-8: Ligne d\u2019aide en cas de crise de suicide","isPartOf":{"@id":"https:\/\/988.ca\/fr\/#website"},"datePublished":"2024-09-18T14:41:51+00:00","breadcrumb":{"@id":"https:\/\/988.ca\/fr\/faq-item\/session-5-membres-du-personnel-issus-de-la-diversite#breadcrumb"},"inLanguage":"fr-CA","potentialAction":[{"@type":"ReadAction","target":["https:\/\/988.ca\/fr\/faq-item\/session-5-membres-du-personnel-issus-de-la-diversite"]}]},{"@type":"BreadcrumbList","@id":"https:\/\/988.ca\/fr\/faq-item\/session-5-membres-du-personnel-issus-de-la-diversite#breadcrumb","itemListElement":[{"@type":"ListItem","position":1,"name":"Home","item":"https:\/\/988.ca\/fr"},{"@type":"ListItem","position":2,"name":"Session 5 : Membres du personnel issus de la diversit\u00e9"}]},{"@type":"WebSite","@id":"https:\/\/988.ca\/fr\/#website","url":"https:\/\/988.ca\/fr\/","name":"9-8-8: Ligne d\u2019aide en cas de crise de suicide","description":"","publisher":{"@id":"https:\/\/988.ca\/fr\/#organization"},"potentialAction":[{"@type":"SearchAction","target":{"@type":"EntryPoint","urlTemplate":"https:\/\/988.ca\/fr\/?s={search_term_string}"},"query-input":{"@type":"PropertyValueSpecification","valueRequired":true,"valueName":"search_term_string"}}],"inLanguage":"fr-CA"},{"@type":"Organization","@id":"https:\/\/988.ca\/fr\/#organization","name":"Talk Suicide Canada","url":"https:\/\/988.ca\/fr\/","logo":{"@type":"ImageObject","inLanguage":"fr-CA","@id":"https:\/\/988.ca\/fr\/#\/schema\/logo\/image\/","url":"https:\/\/988.ca\/wp-content\/uploads\/2022\/06\/logo-seo-en.png","contentUrl":"https:\/\/988.ca\/wp-content\/uploads\/2022\/06\/logo-seo-en.png","width":512,"height":341,"caption":"Talk Suicide Canada"},"image":{"@id":"https:\/\/988.ca\/fr\/#\/schema\/logo\/image\/"}}]}},"_links":{"self":[{"href":"https:\/\/988.ca\/fr\/wp-json\/wp\/v2\/faq-item\/6879","targetHints":{"allow":["GET"]}}],"collection":[{"href":"https:\/\/988.ca\/fr\/wp-json\/wp\/v2\/faq-item"}],"about":[{"href":"https:\/\/988.ca\/fr\/wp-json\/wp\/v2\/types\/faq-item"}],"wp:attachment":[{"href":"https:\/\/988.ca\/fr\/wp-json\/wp\/v2\/media?parent=6879"}],"wp:term":[{"taxonomy":"faq_type","embeddable":true,"href":"https:\/\/988.ca\/fr\/wp-json\/wp\/v2\/faq_type?post=6879"}],"curies":[{"name":"wp","href":"https:\/\/api.w.org\/{rel}","templated":true}]}}

Session 5 : Membres du personnel issus de la diversité

<p class="text-xl lg:text-2xl"><strong>Questions pour stimuler la discussion:</strong></p>
<ul>
<li>Comment recrutons-nous et maintenons-nous en fonction les membres d’un personnel issus de la diversité?</li>
<li>Quels aspects de l’EDIA devraient peut-être être intégrés dans la sensibilisation et la formation des intervenants et d’autres membres du personnel?</li>
<li>Quels types de formation sur l’EDIA sont actuellement offerts?</li>
<li>La formation actuelle répond-elle aux besoins du secteur et des usagers du service? Comment pourrait-on l’améliorer?</li>
</ul>
<p>Date: 20 novembre, 2024</p>

<!-- This site is optimized with the Yoast SEO plugin v27.4 - https://yoast.com/product/yoast-seo-wordpress/ -->
<title>Session 5 : Membres du personnel issus de la diversité | 9-8-8: Ligne d’aide en cas de crise de suicide</title>
<meta name="robots" content="noindex, follow" />
<meta property="og:locale" content="fr_CA" />
<meta property="og:type" content="article" />
<meta property="og:title" content="Session 5 : Membres du personnel issus de la diversité | 9-8-8: Ligne d’aide en cas de crise de suicide" />
<meta property="og:description" content="Questions pour stimuler la discussion: Comment recrutons-nous et maintenons-nous en fonction les membres d’un personnel issus de la diversité? Quels aspects de l’EDIA devraient peut-être être intégrés dans la sensibilisation et la formation des intervenants et d’autres membres du personnel? Quels types de formation sur l’EDIA sont actuellement offerts? La formation actuelle répond-elle aux besoins [&hellip;]" />
<meta property="og:url" content="https://988.ca/fr/faq-item/session-5-membres-du-personnel-issus-de-la-diversite" />
<meta property="og:site_name" content="9-8-8: Ligne d’aide en cas de crise de suicide" />
<meta name="twitter:card" content="summary_large_image" />
<script type="application/ld+json" class="yoast-schema-graph">{"@context":"https:\/\/schema.org","@graph":[{"@type":"WebPage","@id":"https:\/\/988.ca\/fr\/faq-item\/session-5-membres-du-personnel-issus-de-la-diversite","url":"https:\/\/988.ca\/fr\/faq-item\/session-5-membres-du-personnel-issus-de-la-diversite","name":"Session 5 : Membres du personnel issus de la diversité | 9-8-8: Ligne d’aide en cas de crise de suicide","isPartOf":{"@id":"https:\/\/988.ca\/fr\/#website"},"datePublished":"2024-09-18T14:41:51+00:00","breadcrumb":{"@id":"https:\/\/988.ca\/fr\/faq-item\/session-5-membres-du-personnel-issus-de-la-diversite#breadcrumb"},"inLanguage":"fr-CA","potentialAction":[{"@type":"ReadAction","target":["https:\/\/988.ca\/fr\/faq-item\/session-5-membres-du-personnel-issus-de-la-diversite"]}]},{"@type":"BreadcrumbList","@id":"https:\/\/988.ca\/fr\/faq-item\/session-5-membres-du-personnel-issus-de-la-diversite#breadcrumb","itemListElement":[{"@type":"ListItem","position":1,"name":"Home","item":"https:\/\/988.ca\/fr"},{"@type":"ListItem","position":2,"name":"Session 5 : Membres du personnel issus de la diversité"}]},{"@type":"WebSite","@id":"https:\/\/988.ca\/fr\/#website","url":"https:\/\/988.ca\/fr\/","name":"9-8-8: Ligne d’aide en cas de crise de suicide","description":"","publisher":{"@id":"https:\/\/988.ca\/fr\/#organization"},"potentialAction":[{"@type":"SearchAction","target":{"@type":"EntryPoint","urlTemplate":"https:\/\/988.ca\/fr\/?s={search_term_string}"},"query-input":{"@type":"PropertyValueSpecification","valueRequired":true,"valueName":"search_term_string"}}],"inLanguage":"fr-CA"},{"@type":"Organization","@id":"https:\/\/988.ca\/fr\/#organization","name":"Talk Suicide Canada","url":"https:\/\/988.ca\/fr\/","logo":{"@type":"ImageObject","inLanguage":"fr-CA","@id":"https:\/\/988.ca\/fr\/#\/schema\/logo\/image\/","url":"https:\/\/988.ca\/wp-content\/uploads\/2022\/06\/logo-seo-en.png","contentUrl":"https:\/\/988.ca\/wp-content\/uploads\/2022\/06\/logo-seo-en.png","width":512,"height":341,"caption":"Talk Suicide Canada"},"image":{"@id":"https:\/\/988.ca\/fr\/#\/schema\/logo\/image\/"}}]}</script>
<!-- / Yoast SEO plugin. -->

Session 5 : Membres du personnel issus de la diversité | 9-8-8: Ligne d’aide en cas de crise de suicide

Questions pour stimuler la discussion: Comment recrutons-nous et maintenons-nous en fonction les membres d’un personnel issus de la diversité? Quels aspects de l’EDIA devraient peut-être être intégrés dans la sensibilisation et la formation des intervenants et d’autres membres du personnel? Quels types de formation sur l’EDIA sont actuellement offerts? La formation actuelle répond-elle aux besoins [&hellip;]
